4
Let t(f) be the second derivative of -1/3*f**3 + 0 + 1/12*f**4 - 169*f - 5/2*f**2. What is t(4)?
3
Let r(t) be the second derivative of t**6/360 + t**5/15 - t**4/8 - t**3/6 - t. Let d(y) be the second derivative of r(y). Let g = 9326 + -9334. Give d(g).
-3
Let b(x) be the first derivative of x**3/3 + 3*x**2 - 20*x - 2650. Determine b(-6).
-20
Let b(h) = -h**3 + 3*h**2 + 4*h - 5. Let w(y) = -2*y**2 + 6*y**3 + 6 - 5*y - 2*y**3 - 2*y**2 - 3*y**3. Let t(m) = 5*b(m) + 4*w(m). Calculate t(0).
-1
Suppose -38*b + 14*b = 24. Let m(z) = z**2 - z + 1. Let q(r) = 5*r**2 - 5*r - 12. Let w(g) = b*q(g) + 4*m(g). Calculate w(0).
16
Let g be 64/(-12) - 8/(-24). Let l(h) be the second derivative of 10*h + 0 + 1/2*h**2 - 1/3*h**4 + 1/3*h**3 - 1/20*h**5. Give l(g).
16
Let f(j) = -2*j**3 + 8*j**2 - j + 6. Let p = 470 - 466. Calculate f(p).
2
Let c(m) be the third derivative of -m**5/60 + 5*m**4/12 - 14*m**3/3 - m**2 - 3101*m. Give c(5).
-3
Let l(r) be the first derivative of r**3 - 2*r**2 + 855. Determine l(3).
15
Let k(w) = -40*w - 800. Suppose 0 = 547*i - 183*i + 7280. What is k(i)?
0
Let w(r) = -2*r**2 - 16 + 2*r**2 + 12*r - 7*r - 3*r + r**2. Determine w(7).
47
Let d(g) = 2*g**3 - 51*g**2 - 26*g + 8. Let k = 7471 - 7445. Calculate d(k).
8
Let b(n) = 2*n + 6. Suppose -4*g = -7*g + 6. Let x be ((-2)/4)/(3/(-30)). Suppose x = -g*j - 7. What is b(j)?
-6
Let a(y) be the first derivative of y**2/2 - 8*y - 1. Let c be ((-4)/6 + 56/588)*-623. Let p = c + -350. Determine a(p).
-2
Let s(u) = 3*u**3 - 4*u**2 + 12*u + 6. Suppose -366 = -98*i + 37*i. Let f(c) = 8*c**3 - 11*c**2 + 34*c + 17. Let p(g) = i*f(g) - 17*s(g). Calculate p(2).
-16
Suppose 153*y - 10*y + 858 = 0. Let s(a) = a**3 + 4*a**2 - 15*a - 19. Give s(y).
-1
Let z be 30 - (-3)/(13/(312/(-36))). Let c(d) be the third derivative of z*d**2 + 0 + 13/6*d**3 + 1/24*d**4 + 0*d. Determine c(-8).
5
Let d(v) = -3*v**2 - 5*v + 5. Let a(w) = -w**2 - 2*w + 2. Let y(o) = 10*a(o) - 4*d(o). Let g(u) = u**3 - 12*u**2 + 95*u - 926. Let b be g(11). Calculate y(b).
8
Let l = 1487 + -1486. Let m(z) be the second derivative of z**5/4 + z**4/6 - z**3/3 + z**2/2 + z - 11. What is m(l)?
6
Let d(l) = -2*l**3 - 14*l**2 - 13*l - 5. Suppose 4*k = -334*i + 335*i + 14, -4*i - 4*k = 16. Calculate d(i).
1
Let m(h) = -2*h + h + 931 + 934 - 1865. Suppose -11 = 3*a + 16. Determine m(a).
9
Let h(v) = 39*v + 111. Suppose 19 = -5*a + 4*x, -x - 5 = 15*a - 13*a. Give h(a).
-6
Let l(f) = 19*f - 15. Let r(t) = -73*t + 58. Let o(z) = 23*l(z) + 6*r(z). Calculate o(7).
-4
Let w(y) = -4*y - 4. Suppose 29 = 3*h - 79. Suppose 96 = h*g - 38*g. Let v = 44 + g. What is w(v)?
12
Let l(r) = r**2 + 6*r - 6. Let u(c) = c - 28. Let x = 38 + 110. Let m = x - 127. Let y be u(m). What is l(y)?
1
Let q(y) be the third derivative of y**7/5040 - 23*y**6/720 - 11*y**5/60 - 132*y**2. Let z(c) be the third derivative of q(c). What is z(12)?
-11
Let k(w) be the second derivative of 0 + 1/12*w**4 - 4*w**2 + w - 2/3*w**3. Let h = 608 - 602. Determine k(h).
4
Let a(g) be the second derivative of g**4/12 + 11*g**3/6 - 17*g**2/2 - g - 28. What is a(-11)?
-17
Let n(b) = b**3 - 7*b**2 + 9*b - 6. Let a be n(5). Let y = 14 + a. Let s(f) = 6*f**2 + 4*f + 8. Let o(d) = -d**2 - d - 1. Let i(j) = 5*o(j) + s(j). Give i(y).
9
Let r(s) be the first derivative of -2*s**2 - 4 + 24 - s + 4*s + s**2. What is r(-5)?
13
Suppose 0 = -734*m + 761*m - 243. Let p(k) = 3*k - 14. Give p(m).
13
Suppose 30 - 22 = 2*u. Let f be 50/u + 6/(-4). Suppose f = -7*k - 17. Let l(q) = -q**2 - 3*q + 2. Calculate l(k).
-2
Let d(f) = 5*f**2 - f + 2. Let o(u) = 4*u**2 - 6*u + 5. Let q(j) = -3*d(j) + o(j). What is q(1)?
-15
Let z = 5 + -1. Let r(j) be the third derivative of j**7/2520 - j**6/120 + j**5/120 - j**4/8 - 21*j**2. Let h(g) be the second derivative of r(g). Give h(z).
-7
Let r(q) = 12*q**2 + 3*q - 9. Let f(k) = k**2 + 1609*k - 4834. Let g be f(3). Give r(g).
45
Let x = 4373 + -4359. Let t(l) = l - 19. Determine t(x).
-5
Let t(b) = 6*b**2 - 7*b - 7. Let y(a) = -3*a**2 + 4*a + 3. Let o(c) = -3*t(c) - 5*y(c). Let v(g) be the first derivative of o(g). Let k = 69 - 66. What is v(k)?
-17
Let z(p) = -19*p + 105 + 4*p + 2*p - 111. Give z(-1).
7
Let c(p) be the second derivative of p**3/6 + 3*p**2/2 - 2*p. Let v(l) = -1 - 17*l + 9*l + 11*l + 9. Let j(k) = -11*c(k) + 4*v(k). Calculate j(1).
0
Let r be 4 + -9*10/15. Let u(b) = -b**3 - 2*b**2 - 6. What is u(r)?
-6
Let o(s) = 5*s - 8. Let x = -7498 - -7500. What is o(x)?
2
Let g(l) = -2*l + 8. Let t(k) = -k**3 - 11*k**2 - 29*k + 45. Let u(j) = 7*g(j) - t(j). What is u(-10)?
-39
Let y(g) = -1. Let d(q) = -5*q + 37. Let m(r) = -d(r) - 2*y(r). Let t be m(6). Let a(u) = u**2 + 4*u + 1. Give a(t).
6
Let k(h) = -11 + 41*h**2 - 2*h + 21*h**2 - 4 - 61*h**2 - 15*h. Determine k(13).
-67
Let i be ((-15)/12)/(-2 + 7/4). Let d = i + 3. Suppose 5*b - d = 3*b. Let p(g) = g**2 - 2*g - 3. What is p(b)?
5
Let a(k) = -2*k + 1. Let g = 32 + -60. Let v = -23 - g. Suppose -4*j - 21 = -0*j + v*i, 5*j = 5*i + 30. Give a(j).
-1
Let w be (0 + 8/(-10))/(22/2255). Let g = 83 + w. Let x(r) = 2*r**3 - r**2 + r - 1. Let c be x(g). Let z(d) = 9*d**3 + 2*d**2 - d. Calculate z(c).
10
Let r(k) be the second derivative of -k**3/6 - 2*k**2 - 42*k - 20. What is r(21)?
-25
Let i(c) = -4*c**3 + 30*c**2 - 17*c + 5. Suppose 37*j = 35*j - 3*m + 41, 3*j = 2*m + 3. What is i(j)?
-16
Let x(m) = -m**3 - 6*m**2 - 6*m + 3. Let o(i) = i**3 + 41*i**2 + i + 36. Let t be o(-41). Calculate x(t).
8
Let y(p) be the third derivative of p**5/60 - 5*p**4/4 + 29*p**3/6 - 3505*p**2. Determine y(31).
60
Let d be 24/21 + -1 + (-5580)/1085. Let i(u) = 3*u + 1. Calculate i(d).
-14
Suppose 4*u + 3 = 3*l, -1 - 2 = -3*l - 3*u. Let n(i) = 3*i + 5*i - 7*i + l. Let m be 5 + 0/(2 + 1 + -5). Give n(m).
6
Let z(a) = 6*a - 31. Let c be z(8). Let g(x) = -7 - 8 - 3 + x + c - 7. What is g(12)?
4
Let k(v) = -2*v + 6 + 0 + 3*v**2 - 4 - v**3. Let d(r) = -2*r + 56. Let l(f) = f - 54. Let c(h) = 6*d(h) + 5*l(h). Let g be c(9). Calculate k(g).
-4
Let y(t) = -t**3 + 9*t**2 - 13*t - 187. Let q(m) = -m - 52. Let d(l) = -3*q(l) + y(l). Determine d(7).
-3
Let b(i) = 20*i**2 + 156*i - 30. Let w be b(-8). Let g(n) be the second derivative of -7*n + 0 + 5/6*n**3 - 1/2*n**w. Calculate g(1).
4
Let r = -1502 - -1507. Let q(n) = 15*n - 52. What is q(r)?
23
Let d(j) = -j - 1. Let g(h) = 0*h - 9 + 5*h + h - 4*h + 18. Let p(q) = d(q) + g(q). Calculate p(7).
15
Let m(v) be the second derivative of v**4/12 + 11*v**3/3 + 51*v**2/2 - 164*v. What is m(-20)?
11
Let c = -8920 - -8889. Let t(y) = -y**3 - 30*y**2 + 31*y - 65. Determine t(c).
-65
Let g(p) = -2*p - 18. Let v be g(-6). Let a(z) = -15*z + 25*z - 2 - 9*z - 5. Calculate a(v).
-13
Let m(a) be the third derivative of 5*a**4/4 + 91*a**3/3 + 309*a**2 - 3*a + 1. What is m(-6)?
2
Let z(c) = 6*c + 293. Let o = 10784 - 10832. Calculate z(o).
5
Let k = 49 + -48. Let q be 1 - (0 - k)/(7/14). Let x(s) = -2*s + 5*s - 4*s. Give x(q).
-3
Suppose 1742*h - 1715*h = -81. Let m(t) = -3*t**3 + 0*t**3 + 6*t**3 - 2 - 2*t**3 + 4*t**2 + 2*t. Give m(h).
1
Let z be (115/46)/((-1)/4). Let g = 6 + z. Let o(y) = 5526*y**3 - 5527*y**3 - 7*y**2 + 3*y**2 - 1. Give o(g).
-1
Suppose 3*c = 3*b + 7656, 4*c - 3*b - 7743 - 2468 = 0. Let w(t) = -2566*t + 5135*t - c*t. What is w(-3)?
-42
Let a(z) = z**3 - 4*z**2 - z. Let n = 2151 - 2147. What is a(n)?
-4
Let v(i) be the first derivative of -i**6/12 + i**4/24 + i**3/3 + 9*i**2/2 + 22. Let n(d) be the third derivative of v(d). Calculate n(1).
-29
Suppose -6*l + 2441 = 287. Let d = l - 354. Let c(o) = -1 + 7*o - 2*o**2 + 1 + 1. Calculate c(d).
-14
Let b(d) = 28*d**2 + 20*d + 25. Let v(c) = -73*c**2 - 51*c - 62. Let l(r) = 13*b(r) + 5*v(r). Calculate l(-2).
1
Let u(y) be the first derivative of -y**3/3 - 2*y**2 + 3*y - 122894. Suppose -8 = 2*i + 3*i + 4*z, -2*i = 3*z - 1. Determine u(i).
3
Let u(r) be the third derivative of 0 + 0*r - 7/24*r**4 - 7/60*r**5 + 120*r**2 - 1/120*r**6 - r**3. Calculate u(-6).
0
Let t(f) be the first derivative of -f**3/3 - f**2/2 - 1. Let k be (1/2)/(6/108). Let d(u) = -2*u**2 + 19*u - 9. Let x be d(k). Determine t(x).
0
Let s = -18842 - -18842. Let j(t) = -7*t - 56. Calculate j(s).
-56
Suppose -265 = 28*m + 295. Let a(f) = -f**3 - 18*f**2 + 39*f + 18. Give a(m).
38
Let i(k)